 be b(4). Suppose -5*k + 47 = f - 2*k, 0 = 2*f - 4*k - u. Calculate the remainder when 69 is divided by f.
34
Suppose -4 = x - 2. Calculate the remainder when x*(-2 + 4/4) is divided by 1.
0
Let p(x) = -x**3 + 7. Let z(b) = -b**2 - 4*b + 5. Let r be z(-5). What is the remainder when 13 is divided by p(r)?
6
What is the remainder when (25/20)/((-4)/(-96)) is divided by 8?
6
What is the remainder when 57 is divided by -1 - (-2 + 3)*-13?
9
Let q(f) be the first derivative of f**4/4 - f**3 - f**2 - 4*f - 1. Let h be q(4). Let v(b) = -b + 9. What is the remainder when 8 is divided by v(h)?
3
Let y(r) = -4*r - 3. Let h be y(-2). Suppose 43 = -h*i + 263. Suppose -3*a + i = p, 0*a - p = 2*a - 30. Calculate the remainder when a is divided by 5.
4
Suppose 2*x = 3*x - 3. Suppose -72 = -x*i - i. What is the remainder when 35 is divided by i?
17
Let f(k) = -k**3 - 7*k**2 - 7*k + 8. Let m be 135/(-25)*(-40)/12. Let g = m - 13. Calculate the remainder when f(-6) is divided by g.
4
Suppose 3*x - 20*x = -374. What is the remainder when 153 is divided by x?
21
Suppose 0 = 4*m - 3*m - 7. Let f = m + 3. Calculate the remainder when 18 is divided by f.
8
Suppose 4*k = -3*z + 5, z + 11 = 5*k - 0*z. Calculate the remainder when k is divided by 2.
0
Let c(r) = r**3 - 11*r**2 + 12*r - 1. Let s(q) = 2*q**2 + 4*q + 4. Let i be s(-3). What is the remainder when 37 is divided by c(i)?
18
Suppose 2*c + 4*o = 80 + 44, 3*o = 5*c - 258. Calculate the remainder when c is divided by 28.
26
Let r(y) = 6*y - 2. Let d be r(2). Suppose d = 3*w - 5. Suppose -3*c - 32 = -7*c. What is the remainder when c is divided by w?
3
Suppose -5*o = -3*o - 4. Suppose 5*y + o*l = -2, 3*y + 0 = -l - 1. Suppose y = 5*h + 8 - 28. Calculate the remainder when h is divided by 3.
1
Let y(o) = 7*o. Let x(f) be the third derivative of -f**6/120 + f**5/10 - f**3/2 + 2*f**2. Calculate the remainder when y(9) is divided by x(5).
19
Suppose -5*s - 30 = -h, 3*h = -4*s - 1 - 4. What is the remainder when 9 is divided by h?
4
Suppose 7 = 3*z - 8. Suppose 3*i - 2*i - 3*y = -34, -4*y = z*i + 132. Let n = 56 + i. What is the remainder when n is divided by 10?
8
Suppose n - 4*f - 34 = 0, 0 = 2*n - f - 39 + 6. Calculate the remainder when 69 is divided by n.
13
Let h = 14 + -4. Let s(f) = -f**2 + 10*f + 8. Suppose -w + 13 = 2*n, -4*w - 4*n + 46 = 6. Calculate the remainder when s(w) is divided by h.
9
Suppose 4 = -w + 2*p, w - 3*w - 2*p + 10 = 0. Suppose z - w*s + 0 = 5, -2*s - 10 = -2*z. What is the remainder when 27 is divided by z?
2
Let f be -1*(-4)/(-2)*-2. Suppose 2*p - f*w = -2, -2*w = 3*p - 8*p + 3. Suppose 0 = 3*r - p - 26. What is the remainder when 16 is divided by r?
7
Let q(m) = 2*m. Let t = 12 - 9. Calculate the remainder when 10 is divided by q(t).
4
Let i = -2 - -4. Suppose a + 3 = 5. Calculate the remainder when a is divided by i.
0
Let d = -88 - -163. Let r = d - 200. Calculate the remainder when r/(-3) + (-6)/9 is divided by 14.
13
Let q(t) = 1 + 6*t**2 + 4*t**2 - 2 + 2 - t. Suppose -3*w - 14 = -59. Calculate the remainder when q(-2) is divided by w.
13
Let u(z) = -44*z**3 - 2*z**2 - 2*z - 1. Let p = -29 + 20. Calculate the remainder when u(-1) is divided by 0/(p/(-3)) + 15.
13
Let i be (-2)/4 + 45/10. Calculate the remainder when i/(-3)*(-2 + -13) is divided by (-66)/(-9) + 1/(-3).
6
Let f(u) = u + 14. Calculate the remainder when 6/(-8) - (-214)/8 is divided by f(0).
12
Suppose -99 = -11*u - 0*u. Suppose 0 = 3*v + 3*z - 3, z + 0*z - 3 = 0. Calculate the remainder when (21 + 1 - v) + 1 is divided by u.
7
Let l(x) = -x**3 - 9*x**2 + 9*x. Let m be l(-10). Let y = m + 45. What is the remainder when y is divided by 19?
17
Let k(a) = -2*a - 1. Let c be k(-5). Suppose -c = -l - 3. Let t(r) = -4*r**3 - 2*r**2 - 2. What is the remainder when t(-2) is divided by l?
4
Let n be 0/(-2) + 52/2. Let i = n + -18. What is the remainder when 23 is divided by i?
7
Let h(a) = a**2 + 8*a - 3. Let v be h(-8). Let x = 8 - v. Calculate the remainder when 19 is divided by x.
8
Suppose 0 = -p + 5*d - 9, 4*d = -4*p - d + 39. Calculate the remainder when 12 is divided by p.
0
Suppose 0 = 4*r - 3*x, x = -r + 6 + 1. Suppose r*a + 0 - 9 = 0. Let f(k) = k**3 + 5*k**2 + 3*k + 3. What is the remainder when f(-4) is divided by a?
1
Let s = 22 - 16. Calculate the remainder when 10 is divided by s.
4
Let j(h) = -37*h - 30. Calculate the remainder when j(-4) is divided by 30.
28
Suppose 3*s = -s - 4. Let l = -18 - -26. Let z = l + s. What is the remainder when 19 is divided by z?
5
Let t(v) = 5*v - 16. Let d(w) = 3*w - 11. Let x(o) = -8*d(o) + 5*t(o). Suppose -3*p = -9, 3*p = 3*m + m - 15. What is the remainder when 41 is divided by x(m)?
13
Let r = -24 + 25. Let n(y) = 56*y**3 - y. Calculate the remainder when n(r) is divided by 19.
17
Let l = 4 - -25. Suppose 0*m + 5*m = 0. Suppose m*q - 3*q = -30. Calculate the remainder when l is divided by q.
9
Suppose 2*o + 0*o = 5*h - 23, 2*h - 15 = -5*o. Calculate the remainder when (0 - -1) + 6 + -2 is divided by o.
0
Let a(x) = -x**3 - 2*x**2 + 6*x + 3. Let i be a(-4). Suppose 0 = 3*b - 6*b + 93. Calculate the remainder when b is divided by i/2*(-2)/(-1).
9
Suppose v - 33 = 17. Calculate the remainder when 97 is divided by v.
47
Let m(v) = -v**3 - 20*v**2 + 17*v + 20. What is the remainder when m(-21) is divided by 36?
32
Let t = -58 - -79. What is the remainder when 81 is divided by t?
18
Let p = 11 - -12. What is the remainder when 41 is divided by p?
18
Let q(h) = 2*h + 9. Let m be q(-6). Calculate the remainder when 51 is divided by m/(-2) - (-255)/10.
24
Let g = -7 + 2. Let n(i) = -3*i + 10. Suppose -2*x = 3*y - 35, -5*x + 65 = 3*y + 2*y. What is the remainder when n(g) is divided by y?
7
Let y = -22 - -25. What is the remainder when 10 is divided by y?
1
What is the remainder when ((-255)/10)/((-6)/8) is divided by (-3 - -2)/(1/(-9))?
7
Let l(p) = -p**2 + 7. Suppose 2*z = -5*q + 103, 4*q - z - 92 = -5*z. Let r = 1 + q. Calculate the remainder when r is divided by l(0).
6
Let b(x) = x**3 + 6*x**2 - 4*x. Suppose 3*z - 20 - 43 = 0. What is the remainder when b(-3) is divided by z?
18
Suppose a - 3*a - 90 = -2*t, 0 = t - 4*a - 54. Calculate the remainder when 166 is divided by t.
40
Let z be ((-40)/28)/(2/(-14)). Let i = z - -5. Calculate the remainder when 44 is divided by i.
14
What is the remainder when 37 is divided by (16/(-4))/4 + 15?
9
Calculate the remainder when 2/(-4)*19/(95/(-1110)) is divided by 19.
16
Let p(f) = -2*f**2 + 2*f. Let a be p(2). Calculate the remainder when 1 + -2 + 1 - -32 is divided by (128/a)/(-4) + 3.
10
Let f = 165 + -135. What is the remainder when f is divided by 8?
6
Let s(p) = p**2 - 6*p - 6. Let z be s(6). Let h = -3 - z. Calculate the remainder when 3 is divided by 2/h*(4 - 1).
1
Calculate the remainder when 62 is divided by (28/(-6))/((-18)/81).
20
Let w = 124 - 69. Calculate the remainder when 274 is divided by w.
54
Let c be 1/(-3 - (-3 + -1)). Let w(l) = 16*l + 1. What is the remainder when w(c) is divided by 10?
7
Let z(h) = h**2. Let x be z(0). Let i = -175 - -190. What is the remainder when (x - -2)*22*1 is divided by i?
14
Suppose 0 = 2*k + 3*k - 10. Let c(i) = 2*i - 4*i - k + 0*i. What is the remainder when c(-7) is divided by 7?
5
Let f(v) = -v**2 - 6*v - 5. Let b(j) = -j**2 - 6*j - 5. Let q(w) = -3*b(w) + 2*f(w). Calculate the remainder when q(-6) is divided by 3.
2
Let h be ((-1)/1)/(2/(-4)). Suppose -5*c = 5*g - 65, h*c - 4*c + 18 = g. Suppose -8 = 2*p, 5*t + 5*p = 2 - 7. Calculate the remainder when g is divided by t.
2
Let p(l) = l**3 + 6*l**2 + 4*l + 12. Calculate the remainder when 66 is divided by p(-5).
15
Let r(l) = -l**2 + 1. Let v be r(0). Calculate the remainder when 3 is divided by v - (-1 + 2 + -3).
0
Suppose -g - 3*t + 6 = 0, 3 = 3*t + 9. Let i = 28 - g. Calculate the remainder when i is divided by ((-9)/(-4))/((-1)/(-4)).
7
Suppose 4*l + 8 = -h, -3*h - 2*l + 5*l = -6. Suppose -3*g + 18 = -h*g. Let x = 34 + -17. What is the remainder when x is divided by g?
5
Let j = 10 + -6. Suppose -3*l - 34 = -j*l. Suppose -o = -m - m - 10, -3*m = 2*o - l. What is the remainder when 27 is divided by o?
13
Let r(h) = h**3 - 5*h**2 - h + 3. Let u be r(3). Calculate the remainder when 34 is divided by u*(1 + (-20)/12).
10
Calculate the r